derivative of n**4/12 - n**3 + 3*n**2/2 - n. Suppose 40561 = -17*i + 40646. What is f(i)?
-2
Suppose -44 = -4*m - 4*s, 5*m - 2*s - 28 + 1 = 0. Suppose -5*a = -0*a + 4*r - 6, 0 = 2*a - 3*r - m. Let j(k) = -10 + k + 11 + k - a*k**2. Give j(-2).
-11
Let m(j) = -j**3 - 13*j**2 + 15*j + 17. Let s be m(-14). Let l(i) = 2*i - i + 133 - 139 + 5*i**3 - 4*i**s - 5*i**2. Give l(5).
-1
Suppose -20 = -4*v + 2*a, 2*v + 3*a = -5 - 1. Suppose 6 = -9*c - 3. Let f(i) = 1. Let q(s) = -s + 2. Let b(h) = c*f(h) - q(h). What is b(v)?
0
Let s(b) be the second derivative of b**4/12 - 11*b**3/6 + 11*b**2 - 2651*b. Determine s(9).
4
Let g(n) = n**2 + 2*n + 6. Let r be 0/(-10)*((-10)/(-40) + (-6)/(-8)). Give g(r).
6
Let k = -8 + 7. Let z(b) = 3*b + 1. Let x(p) be the third derivative of p**3/6 + 6*p**2. Let d(m) = k*z(m) + 6*x(m). Give d(5).
-10
Let i(n) = n**3 + 5*n**2 + 5*n + 10. Let y(c) = -c**2 + 166*c - 4958. Let a be y(39). What is i(a)?
-15
Let n(s) = -3*s**2 + 18*s - 2. Suppose -141 = 27*z - 303. What is n(z)?
-2
Let d(n) be the first derivative of -n**3/3 + 3*n**2/2 - 9*n - 8041. What is d(-4)?
-37
Let c(r) = r**2 - 8*r + 3. Let i be c(7). Let x be -2*(i + 3/2). Let v(j) be the first derivative of -j**3/3 + 5*j**2/2 + 5*j - 484. What is v(x)?
5
Let t(a) = 9*a + 41. Let l be t(-5). Let o be ((4/3)/l)/((-8)/(-24)). Let y(s) = 27*s**2 - 1. Calculate y(o).
26
Let a(x) = 14*x + 46. Let c(h) = h**2 - 403*h - 5. Let w be c(0). Calculate a(w).
-24
Suppose -36 - 19 = -5*q. Let f(y) = 2545*y - 91. Let a(j) = -268*j + 10. Let d(c) = 38*a(c) + 4*f(c). What is d(q)?
-28
Let h(b) be the first derivative of 2*b**3/3 + 3*b**2/2 - 9*b - 4769. What is h(2)?
5
Let g = 292 - -150. Let w = 445 - g. Let l(y) be the first derivative of -2*y**2 + 3*y + 2. What is l(w)?
-9
Let h(g) = g**2 - g. Let c be (14/(-12) - 12/(-8))*3. Let k(w) = -w**3 + 5*w**2 + 16*w + 1. Let y(z) = c*k(z) + 5*h(z). Calculate y(11).
1
Suppose 0 = 5*i - 157*y + 154*y - 21, 5*y + 35 = -2*i. Let q(t) be the first derivative of -t**4/4 + t**3/3 - t**2 + 5*t - 1. Give q(i).
5
Let y(b) = b + 2. Let p(g) = -83*g**2 - 5*g - 11. Let m be p(-2). Let u = m - -333. What is y(u)?
2
Let s(n) = -93 - 4*n**2 - 91 + 16*n + 177 - 1. Determine s(1).
4
Suppose r - 1 - 4 = 0. Suppose -26 = r*y - j, -2*y + 5 = -5*j + 20. Let d(v) = -2 - 2 + 3*v**2 + 5*v - 2*v**2. Give d(y).
-4
Let u(j) be the first derivative of -j**4/4 + j**3/3 - j**2/2 - 3*j + 1316. Give u(-3).
36
Suppose -708 = -63*h - 114*h. Let y(a) = -a**3 + 5*a**2 - 9*a + 6. Give y(h).
-14
Let w(l) be the first derivative of 3*l**4/2 - l**3/3 - l**2 - l + 1. Let q be -9*(-65 - -34)/(-279). Give w(q).
-6
Let o(s) be the second derivative of 7*s**5/20 + s**4/12 + 2*s**3/3 - 5*s**2/2 - 4738*s. Give o(2).
63
Suppose -14*z + 10*z + 48 = -4*y, 0 = -4*z - 2*y + 48. Let b(t) = -t**2 + 17*t - 36. What is b(z)?
24
Let b(g) = g**3 + 10*g**2 - 10*g + 15. Let d = -21 - -109. Suppose 0*q - d = 8*q. Calculate b(q).
4
Let c = 84 - 82. Let n(a) = -14*a**c - 18 - 4*a - 11*a**2 - 7*a + 26*a**2. Determine n(12).
-6
Let c = 168 + -75. Suppose -95*s = -c*s - 188. Let k(m) = 46 + 44 - s - 7*m - m**2. What is k(-5)?
6
Let o be 1/(-3) - (-16)/(-6). Suppose 29*u - 56 = 15*u. Let j(n) = -76 + 33 + 46 + u*n. Give j(o).
-9
Let n(w) = -w**2 - 25*w - 145. Suppose -63*m + 197*m + 2010 = 0. Calculate n(m).
5
Let h(z) be the second derivative of -1/2*z**2 + 2 - 2/3*z**3 - 32*z. What is h(-4)?
15
Let j be (56/(-6))/(4*4/(-24)). Let s(d) = -j*d**3 - 3*d**3 + 2*d**3 - d - 2*d**3. Give s(-1).
18
Let n be ((-78)/(-117))/(-3*(-4)/45234). Let u(x) = 2512*x + 4 - n*x + 0. Determine u(7).
-3
Suppose 10*b = -33224 + 33204. Let i(f) = -f**3 - 2*f**2 + 5*f + 8. What is i(b)?
-2
Let c be 2*-3 - -5*10/50 - -5. Let z(t) = 3*t - 15. Determine z(c).
-15
Let d be 33/(-44) - 51/(-4). Suppose 2*p - 5*w = d, 2*w + 16 = -p - p. Let n be 114/(-15) + 5 - p/(-10). Let v(l) = l - 4. Give v(n).
-7
Let p(q) = 23*q**3 - 9*q**2 + 2*q - 1. Let v(t) = -19*t**3 + 7*t**2 - 2*t + 1. Let d(f) = 5*p(f) + 6*v(f). Calculate d(6).
97
Let y(r) = 9*r**2 + 5*r - 43. Let o(n) = 31*n**2 - 16*n + 14*n + 22 - 36*n**2. Let p(z) = 11*o(z) + 6*y(z). What is p(7)?
-9
Let l = 29803 + -29808. Let t be ((-8)/(-6))/(1/3). Let z(f) = -t*f + 2 + 2*f**2 - 6*f**2 + 3*f**2. Determine z(l).
-3
Let c be (-130)/(-52) + (354/12)/(3 - 4). Let t(y) = y**3 + 29*y**2 + 60*y + 38. Determine t(c).
-124
Let x(n) = n**2 - 5*n - 7. Let t(w) = 20*w - 56. Let y be t(3). Suppose -2*d + 9*s = 7*s - 6, y*d - 5*s = 9. Determine x(d).
-1
Let q(f) be the second derivative of 0*f**3 + 1/720*f**6 + 0*f**2 - 1/60*f**5 - 17*f + 5/6*f**4 + 0. Let t(w) be the third derivative of q(w). Give t(4).
2
Suppose -12*y = -11*y - 4. Suppose 4*t = y, 3*t = z - 9 + 3. Let f(a) = a**2 + z*a - a - 4*a - 5. Determine f(-4).
-5
Let j = -40378 - -40381. Let o(r) be the third derivative of -r**5/30 + r**4/12 + r**3/6 + r**2. Give o(j).
-11
Suppose -2*d + 3*p - 11 = 36, 0 = 2*d - 2*p + 42. Let v(h) = 12*h + 186. Calculate v(d).
-6
Let c(m) = m**3 - 3*m**2 - 3*m + 3. Let p(z) = z**3 + z**2. Let d(w) = -c(w) + 2*p(w). Let y(t) = t**3 + 5*t**2 - 20*t + 29. Let o be y(-8). Give d(o).
6
Let v be 50/(-30) + 40*(-4 + (-174)/(-45)). Let o(w) = 12*w + 62. Give o(v).
-22
Suppose -2*o - 3*r + 481 = 0, 3*o - 11*r - 674 = -6*r. Let m = o - 230. Let s(j) = j**2 - 4. Calculate s(m).
5
Let c be 0 + 8 + -4 + -4. Suppose 2*y = 6*y. Let b(k) = 6 + c + 2 + y - k. Calculate b(9).
-1
Suppose -4*t = -8*t - 16. Let f(d) be the second derivative of -5/6*d**3 + 1/20*d**5 - 5/2*d**2 + 21*d + 1/4*d**4 + 0. Determine f(t).
-1
Let u be (-5)/15 + (-38)/(-6). Suppose u*f = f - 30. Let w(g) = -1809*g + 7. Let a(q) = -4276*q + 16. Let l(x) = 11*a(x) - 26*w(x). Give l(f).
6
Let t(z) be the third derivative of 3*z**4/8 + 13*z**3/6 - 2115*z**2. Give t(-6).
-41
Let t(p) = 2*p**2 - 2*p. Let o(l) = -7*l**2 + 13*l + 7. Let u(g) = -o(g) - 4*t(g). Let j = -11 - -6. What is u(j)?
-7
Let h(g) = g**2 - 2*g + 2. Suppose -181*v = -183*v + 2. Let c be h(v). Let w(k) = -k - 3 - 1 - c + 1. Give w(-10).
6
Let t(n) = -2*n**2 - 14 - 8*n**2 - 8*n - 2*n - n**3. Let h be t(-9). Let l(a) = a. Let w(y) = 4*y + 2. Let m(i) = 6*l(i) - 2*w(i). What is m(h)?
6
Let k = 195 - 192. Suppose -3*d = k - 6. Let c(z) = -10*z**2 - 2*z + 1. Determine c(d).
-11
Let x(h) = 20*h**2 - 4298*h - 4277*h + 8510*h - h**3 + 10 + 8. Give x(16).
2
Let y(o) = -o**2 + 2*o - 4. Let z(i) = -i**2 + 9*i - 8. Let n(d) = -2*y(d) + z(d). What is n(-5)?
0
Let s be 18*5/(-40)*-4. Suppose s = 8*v + v. Let h(x) = -9*x**3 - 2*x**2 + 2*x - 1. What is h(v)?
-10
Let m be (53 - 58) + 2/2 - -3. Let i(r) = -r**3 - r**2. Determine i(m).
0
Let v(u) = u**3 + 3*u**2 - 12*u - 9. Let c be v(-5). Let t(y) = -12*y**2 + 1 - 6*y + 11*y**2 - 3 + c + 7. Calculate t(-7).
-1
Let s be (-2 + -3)/((-10)/(-20)). Let h(z) = -4*z - 21. Calculate h(s).
19
Let q(o) be the first derivative of -5*o**3/3 - 5*o**2 + 19*o + 11842. What is q(-5)?
-56
Let d(j) = -j**2 + j + 4. Let u = 2954 - 2956. Determine d(u).
-2
Let g(k) = 10*k + 5. Let a(y) = y - 2. Let i(h) = -3*a(h) - g(h). Give i(1).
-12
Let l(o) = 2*o**2 + 99*o + 152. Let b be l(-48). Let h(w) = -w - 10. What is h(b)?
-18
Let i(c) be the second derivative of -c**5/20 + c**4/3 - c**3/2 - 2*c**2 + 1185*c. Determine i(4).
-16
Suppose 4*y + 40 = 3635*x - 3631*x, -2*y - 10 = 0. Let d(l) = -25*l - 6. Calculate d(x).
-131
Let q(n) = -n**3 + 5*n**2 + n + 2. Suppose -20*o = -11*o - 54. Suppose 0 = -26*r + o*r + 100. Give q(r).
7
Let m(r) = 3*r - 9. Suppose 3*j - 5 = 4*j. Let q be m(j). Let z = q - -23. Let c(a) = -18*a**2 - a. Determine c(z).
-17
Let o(i) = 50*i + 223. Let x(a) = -23*a - 106. Let j(g) = -6*o(g) - 13*x(g). Calculate j(50).
-10
Let c(j) = 13*j**2 + 18*j - 14. Let g(t) = 14*t**2 + 22*t - 17. Let k(f) = -6*c(f) + 5*g(f). Give k(1).
-7
Let f(u) = -4*u**2 - u + 5. Let y(l) be the first derivative of 7/3*l**3 + 39 - 11*l + 0*l**2. Let w(z) = 5*f(z) + 3*y(z). Determine w(6).
-2
Let k(w) be the third derivative of 0*w**3 + 5*w + 1/24*w**4 + 0 + w**2. Calculate k(-5).
-5
Let y(h) = 99 + 10635*h**2 + 10661*h**2 - 21298*h**2 - 4*h. What is y(6)?
3
Suppose 45*w + 60 = 15*w. Let b(n) = 41*n + 78. Give b(w).
-4
Let a(i) = i**2 - 14*i + 12. Let g(b) = b**2 - 12*b + 11. Let s be (9/(108/1